x) = 2*g(x) + y(x). Let j be t(-5). Is 24 - (j/(-1) + 1) a composite number?
True
Let o = 18 - -141. Is o a composite number?
True
Let u = 2852 - 1413. Is u prime?
True
Let g = -5 + 10. Let r = g + -4. Suppose 86 = d - r. Is d prime?
False
Is 117 + -2 + 3 - -3 a composite number?
True
Is (1074/(-12))/(3/(-6)) prime?
True
Let x(s) be the third derivative of -s**6/120 + s**5/60 + 7*s**4/24 + 5*s**3/6 - 2*s**2. Is x(-4) composite?
True
Let l = -2 - -2. Suppose 2*b = -4*g + 28, g - 33 = -4*g - 2*b. Suppose -g*w + 25 + 10 = l. Is w prime?
True
Let z(w) = 15 - 3 + 1 - 3*w - 21*w. Is z(-6) a composite number?
False
Let p(m) = 3*m**3 + 7*m**2 + m + 2. Suppose 0 = -3*i - 4*l - 1, 0*l + 3*l = -2*i - 2. Is p(i) prime?
True
Let g(v) = -20*v - 4*v + 1 - 9*v. Let h be g(-5). Suppose 7 = -3*n + h. Is n composite?
False
Let i = 1652 + -21. Is i prime?
False
Suppose -3*i = -7*i + 16. Suppose -b + 2*b = i. Suppose -3*u + c = -0*c - 28, -b*u - 2*c = -54. Is u a prime number?
True
Let t(j) = -j**2 + 5*j - 1. Let y be t(4). Is (-33)/(-1) - (-1 + y) composite?
False
Let p = 5 + -7. Is -5*((-88)/10 - p) composite?
True
Suppose -2*k + 5*s = s - 20, -2*k = 4*s + 20. Suppose -p + l + l + 487 = k, 0 = -3*p - 5*l + 1516. Is p composite?
True
Suppose 91 - 328 = -i. Is i a prime number?
False
Suppose 0 = 2*o - o. Suppose o = 3*y - 4*y + 37. Is y a composite number?
False
Let m = -10 - -31. Let f = 5 + m. Suppose x + f = 3*x - 4*g, 5*x - 41 = 2*g. Is x composite?
False
Suppose -k = -413 + 61. Suppose 4*u = -0*u + k. Suppose -u = -d - 3*z, -2*d + 275 = -3*z + 72. Is d composite?
False
Suppose 2*q = -z + 94, -3*q + 253 = 2*q - 2*z. Is q a composite number?
True
Is ((-1042)/6)/(11/(-33)) prime?
True
Is (-9 - 22)/(2/(-4)) prime?
False
Let w = -27 - -51. Suppose -4*q - w = -0*f + 4*f, -32 = 3*q - 4*f. Let r = 45 + q. Is r a prime number?
True
Let f be 0 + ((-6)/1)/2. Let t be 37*(-2 - f)/(-1). Let b = 60 - t. Is b a composite number?
False
Let h(x) = -x**2 - 6*x - 6. Let d be h(-4). Suppose d*f - f - 49 = 0. Is f composite?
True
Is 3/(30/(-4))*(-12405)/3 composite?
True
Let c be (-2)/(-8)*0 + -35. Is (-1695)/c + 8/14 a prime number?
False
Let l = 23 + -32. Let u(m) = -48*m - 13. Is u(l) composite?
False
Let s(k) = k**3 - 8*k**2 - k + 5. Let v be s(5). Let i = 95 - v. Suppose y - i = -y. Is y a prime number?
False
Is 158/(-1 + -1 - -4) a prime number?
True
Let u be (-700)/(-6) + 2/6. Suppose -38 = q - u. Is q a prime number?
True
Suppose -4*w + 20 = 0, 0*w - 15 = -2*u - w. Suppose 0 = -u*p + 156 + 479. Is p a composite number?
False
Suppose -5*m = 4*h - 777, -477 = -3*m - 0*h + 3*h. Is m a composite number?
False
Suppose 3*z - 4*d = d + 35, 3*d = -3*z + 3. Suppose 0 = z*o + 4*s - 295, -s = 2*o - o - 60. Is o a composite number?
True
Let g = 340 + -569. Let q = -136 - g. Is q prime?
False
Suppose 555 + 232 = p. Is p prime?
True
Suppose -4*x + 0*q - 3*q + 39 = 0, 2*x - 7 = q. Suppose -i - 2*n + 167 = 0, 2*i + 2*n - 334 = x*n. Is i a composite number?
False
Suppose 2*q + 52 + 250 = 2*f, -4*f - 5*q + 586 = 0. Is f composite?
False
Suppose -27 = 2*l - 2*p + 3, -4*p = 2*l + 12. Is 18/l - 109/(-2) prime?
True
Suppose 0 = 3*d + 3, -5*w - 3*d + 2556 + 19656 = 0. Is w a composite number?
True
Let t(o) = 0*o + 4*o - 5*o - 27 + 26. Let u(v) = -4*v**2 - 10*v - 1. Let p(i) = 6*t(i) - u(i). Is p(-8) composite?
True
Let y be 4/14 - 260/28. Let g be 3*(24/y - -2). Is 10*(-34)/(-4) + g a prime number?
True
Let v = 53 - 16. Let u(d) = 12*d**2 + d. Let o be u(2). Let w = v + o. Is w composite?
True
Let z = -8 - -13. Suppose u - z*u = -56. Is u a composite number?
True
Let f be (-10)/20*(-1 + -1). Suppose -3*i + 204 = -5*r + 8*r, f = r. Is i prime?
True
Let v be 2/(-5)*5/1. Is (v/3)/((-6)/171) composite?
False
Let r = -1 - -7. Let y be 12/(-1)*(-3)/r. Is (y/(-2))/((-3)/142) a composite number?
True
Let k(r) = -r + 12. Is k(2) a composite number?
True
Let h(g) = g**3 + 7*g**2 + 5*g + 7. Let n = -4 + -2. Is h(n) prime?
True
Let r(k) = 7*k**2 - 3*k + 9. Is r(-5) a composite number?
False
Let r be ((-830)/(-4))/(5/10). Suppose -5*m - 1055 = -5*n, n - r = 5*m + 652. Let v = 347 + m. Is v composite?
True
Suppose 0 = 2*z + 10, -2*p + 0*z + 214 = -4*z. Is p a composite number?
False
Suppose r = 2*r - 419. Is r composite?
False
Suppose -1674 = -6*c + 192. Is c a composite number?
False
Let y be (-1)/((-3)/(-2) - 2). Is ((-3342)/9)/(y/(-3)) composite?
False
Let s(a) be the third derivative of -a**6/60 + a**5/30 - 7*a**4/24 - 5*a**3/6 - a**2. Let m = -12 + 8. Is s(m) a prime number?
False
Let n be -1 - (0/3)/3. Let c = 1 + n. Suppose c = 6*t - t - 130. Is t composite?
True
Let f be 3*(11 - (-1 - -2)). Let c(n) = n**2 - 4*n + 3. Let r be c(4). Suppose -z = -r*z + f. Is z prime?
False
Suppose 0 = b - 396 - 283. Is b composite?
True
Let g be -4*3/(-6) + 3. Let y = 11 - g. Is y composite?
True
Suppose 10*n = 7691 + 9579. Is n a prime number?
False
Suppose 2*s = 7*s. Suppose -f - 4*a = -139, s*f = -3*f - 3*a + 399. Is f a prime number?
True
Let v(s) = 4 - 3*s + 2*s - 4*s + 4*s. Let n be v(4). Is (n - 1) + 16 + -2 composite?
False
Let s(q) = -4*q**3 - q**2 + 4*q - 1. Is s(-3) a prime number?
False
Suppose 0 = 5*a - t - 152, 4*t = -4*a - 13 + 149. Let c = 78 - a. Is c composite?
False
Let p(w) = w**2 + 119. Suppose 4*z - 4 = 2*z. Suppose z*g = -2*g. Is p(g) a prime number?
False
Suppose 543 = -2*m - 699. Let k = -388 - m. Is k a prime number?
True
Suppose 2*k - 3*k = -5. Suppose 5*i = -3*x + 711, k*i = -6*x + 2*x + 948. Suppose -5*c + 2*h = -x, 2*h - 105 = -4*c + 99. Is c prime?
False
Suppose 5*w - 4*m - 2927 = 0, w = 6*w + 4*m - 2903. Is w prime?
False
Let c be 2/7 - (-36)/(-28). Let m(k) = 235*k**2 - 1. Let f be m(c). Suppose -5*y + f = -181. Is y composite?
False
Let q = -1363 - -2406. Is q a composite number?
True
Let m = 79 - -120. Is m a prime number?
True
Let s(k) = -k**2 + k + 1. Let z be s(1). Suppose -2*t = 4, 3*t - 4*t + z = x. Suppose -x*n + 70 = -n. Is n a composite number?
True
Let u be ((-2)/(-3))/(1/3). Suppose u*y + 3*n = 4*n + 65, -3*y = 2*n - 101. Is y composite?
True
Let j be (-602)/(-5) + 2/(-5). Let c be (-4)/6 - j/(-18). Suppose -u = 2, -5*a = -c*a + 5*u + 43. Is a a prime number?
False
Let r(f) = -420*f**2 - 6*f + 7. Let q(o) = 839*o**2 + 11*o - 13. Let h(w) = 6*q(w) + 11*r(w). Is h(-1) a prime number?
False
Suppose 0*c + 4*c - 804 = 0. Suppose 2*k + 5*w - c = 0, 3*w = -2*k + 3*k - 128. Is k a composite number?
False
Is ((-290)/6)/((-44)/6 - -7) prime?
False
Suppose 4*w + 570 + 206 = 0. Let j be -328 - (-2 + -1 - -2). Let m = w - j. Is m a prime number?
False
Let o = 472 + -326. Suppose 2*x + 3*d = o, -d = 2*x + 3*d - 142. Is x a prime number?
True
Let a be 36 + 9/(-3) - -1. Let r = a - 21. Is r composite?
False
Let m(a) = 7*a**2 - 2*a + 1. Let b be m(1). Suppose 0*s = -s + 21. Let v = s - b. Is v composite?
True
Let x = 8 - 6. Let o be 1/(-1 - (-12)/10). Let l = o - x. Is l prime?
True
Let k(r) = -8*r - 11. Let a(t) = -9*t - 10. Let z(s) = 2*a(s) - 3*k(s). Is z(9) prime?
True
Let r(p) = -3*p - 1 - 2*p + 2. Is r(-4) a composite number?
True
Let u be 4/6 - (-46)/3. Suppose 5*r + m = 4*m - 12, -2*r - u = -4*m. Let l = r + 3. Is l a composite number?
False
Let z = -101 - -71. Is (-1758)/z - 4/(-10) a composite number?
False
Suppose 2*u + 14 = 2*v, v - 4 = -3*u + 5*u. Let k = -6 + v. Suppose 3 = k*c - 5. Is c composite?
False
Let c(i) = 26*i - 1. Let k be c(1). Let q be 3/(45/2) + 37576/330. Suppose k = -j + q. Is j a composite number?
False
Let j(t) = t**3 - 7*t**2 - 2*t. Let s be j(5). Let x = 25 + s. Is (-1180)/x + 4/14 prime?
False
Let l = 7130 + -1695. Is l a composite number?
True
Let o(b) = 84*b**2 + 2*b + 7. Is o(-6) a composite number?
False
Let r = -36 + 427. Is r a prime number?
False
Let j(t) = t**2 + t - 4. Let h(a) = 3*a**2 + 2*a - 9. Let i(x) = -3*h(x) + 7*j(x). Let r be i(1). Is (-88)/(-6) + r/(-6) composite?
True
Let p = -86 + -104. Let a = p - -381. Is a a prime number?
True
Let u(j) = j**3 - 7*j**2 + 6*j + 2. Let o be u(6). Suppose -o*w + 4*w = 0. Suppose 0 = 5*l - v - 340, w*l - 5*v - 226 = -3*l. Is l a composite number?
False
Suppose 40 = s - 5*l + 3, -4*s - 5*l = -123. Let c = 65 - s. Is c composite?
True
Let v be 2259*(1 + (-2)/3). Suppose -v = -5*j + 2*n + 1596, 5*j = 4